millions digit of 471574798?
4
What is the thousands digit of 20210968?
0
What is the thousands digit of 65018007?
8
What is the thousands digit of 458796118?
6
What is the millions digit of 246240680?
6
What is the units digit of 73883196?
6
What is the ten millions digit of 1671326854?
7
What is the hundred thousands digit of 764022557?
0
What is the hundred millions digit of 243057838?
2
What is the thousands digit of 55601127?
1
What is the hundreds digit of 68774457?
4
What is the units digit of 37103482?
2
What is the hundreds digit of 451095963?
9
What is the hundred millions digit of 292723893?
2
What is the hundred thousands digit of 750944572?
9
What is the thousands digit of 6895173?
5
What is the thousands digit of 2165248487?
8
What is the thousands digit of 33957109?
7
What is the hundreds digit of 7495256?
2
What is the tens digit of 472902576?
7
What is the ten millions digit of 1238067046?
3
What is the millions digit of 1221137236?
1
What is the units digit of 93781278?
8
What is the hundred thousands digit of 1818734873?
7
What is the hundred millions digit of 134594798?
1
What is the hundreds digit of 1113581044?
0
What is the hundred millions digit of 6169953447?
1
What is the tens digit of 51108440?
4
What is the tens digit of 4595228474?
7
What is the thousands digit of 410660521?
0
What is the hundred millions digit of 113473653?
1
What is the units digit of 165542696?
6
What is the hundred thousands digit of 5770568?
7
What is the tens digit of 1400672790?
9
What is the thousands digit of 21665833?
5
What is the millions digit of 27308756?
7
What is the hundreds digit of 36769810?
8
What is the tens digit of 393658711?
1
What is the hundred thousands digit of 60795272?
7
What is the units digit of 947225602?
2
What is the hundred millions digit of 212341436?
2
What is the ten thousands digit of 2612888835?
8
What is the units digit of 250071422?
2
What is the tens digit of 782250067?
6
What is the hundred thousands digit of 145339235?
3
What is the ten millions digit of 912089791?
1
What is the tens digit of 1783768232?
3
What is the hundred millions digit of 289525831?
2
What is the ten millions digit of 73600176?
7
What is the tens digit of 11398613?
1
What is the thousands digit of 420411606?
1
What is the ten millions digit of 2725132850?
2
What is the hundred thousands digit of 203673856?
6
What is the units digit of 404441258?
8
What is the ten thousands digit of 55901056?
0
What is the millions digit of 150506394?
0
What is the millions digit of 6757782713?
7
What is the hundreds digit of 96100373?
3
What is the hundreds digit of 2032502185?
1
What is the billions digit of 1736196205?
1
What is the millions digit of 167876948?
7
What is the ten thousands digit of 5080897?
8
What is the hundred thousands digit of 686719070?
7
What is the hundred thousands digit of 640841090?
8
What is the tens digit of 1076137519?
1
What is the units digit of 13474488?
8
What is the tens digit of 38077550?
5
What is the units digit of 194314341?
1
What is the billions digit of 6741310827?
6
What is the hundreds digit of 574495835?
8
What is the ten thousands digit of 2784089?
8
What is the units digit of 3797338349?
9
What is the hundreds digit of 513481063?
0
What is the units digit of 63210442?
2
What is the hundreds digit of 137624325?
3
What is the hundred millions digit of 163276503?
1
What is the hundred thousands digit of 22144060?
1
What is the units digit of 1040825480?
0
What is the ten millions digit of 956409711?
5
What is the ten thousands digit of 605467511?
6
What is the ten millions digit of 41005611?
4
What is the units digit of 2295253561?
1
What is the thousands digit of 83546456?
6
What is the hundred millions digit of 1312452369?
3
What is the hundred millions digit of 907881359?
9
What is the hundreds digit of 141169913?
9
What is the millions digit of 19023282?
9
What is the tens digit of 165615409?
0
What is the ten millions digit of 329939719?
2
What is the ten millions digit of 24554306?
2
What is the hundreds digit of 611377503?
5
What is the billions digit of 8037691905?
8
What is the hundred thousands digit of 32928508?
9
What is the hundreds digit of 199690715?
7
What is the thousands digit of 69062699?
2
What is the ten thousands digit of 195543509?
4
What is the millions digit of 239936796?
9
What is the hundred thousands digit of 47095318?
0
What is the ten millions digit of 39800054?
3
What is the hundreds digit of 37870615?
6
What is the ten thousands digit of 921262668?
6
What is the units digit of 1569178352?
2
What is the hundred thousands digit of 4805231687?
2
What is the hundreds digit of 701637741?
7
What is the thousands digit of 516010890?
0
What is the thousands digit of 1285744358?
4
What is the thousands digit of 253591848?
1
What is the ten thousands digit of 508584?
0
What is the tens digit of 24635720?
2
What is the units digit of 48638734?
4
What is the hundred millions digit of 618760721?
6
What is the ten thousands digit of 63153366?
5
What is the hundred millions digit of 550792942?
5
What is the ten millions digit of 112398541?
1
What is the hundred thousands digit of 93982359?
9
What is the millions digit of 85673953?
5
What is the ten thousands digit of 247545679?
4
What is the tens digit of 197409608?
0
What is the millions digit of 59131065?
9
What is the hundred thousands digit of 26519289?
5
What is the thousands digit of 37576481?
6
What is the units digit of 86981065?
5
What is the hundreds digit of 807687089?
0
What is the thousands digit of 1609699902?
9
What is the ten thousands digit of 6764391?
6
What is the thousands digit of 5613703?
3
What is the hundred thousands digit of 84227881?
2
What is the hundred millions digit of 115543691?
1
What is the thousands digit of 368599?
8
What is the units digit of 144808969?
9
What is the hundred thousands digit of 1784726623?
7
What is the ten millions digit of 4554653474?
5
What is the tens digit of 10088284?
8
What is the hundred thousands digit of 643571587?
5
What is the thousands digit of 1509663703?
3
What is the hundreds digit of 955719464?
4
What is the billions digit of 1218720237?
1
What is the hundred thousands digit of 77973810?
9
What is the hundred thousands digit of 7858621364?
6
What is the hundred millions digit of 263496782?
2
What is the millions digit of 461527536?
1
What is the thousands digit of 2079357868?
7
What is the thousands digit of 654853540?
3
What is the ten thousands digit of 696973221?
7
What is the ten millions digit of 3849828951?
4
What is the hundred thousands digit of 1356693850?
6
What is the ten millions digit of 199545100?
9
What is the thousands digit of 63013861?
3
What is the millions digit of 70462605?
0
What is the ten thousands digit of 85183643?
8
What is the thousands digit of 15603567?
3
What is the thousands digit of 85623399?
3
What is the ten millions digit of 64331025?
6
What is the hundreds digit of 960634261?
2
What is the tens digit of 67437567?
6
What is the hundreds digit of 259218872?
8
What is the hundreds digit of 7723184?
1
What is the units digit of 1557863366?
6
What is the ten millions digit of 568442485?
6
What is the hundred millions digit of 1399548548?
3
What is the units digit of 2506179297?
7
What is the millions digit of 897755390?
7
What is the ten thousands digit of 29750173?
5
What is the ten thousands digit of 72059150?
5
What is the ten thousands digit of 3414639991?
3
What is the ten thousands digit of 134132755?
3
What is the millions digit of 1811713837?
1
What is the ten thousands digit of 296563421?
6
What is the ten thousands digit of 69050556?
5
What is the millions digit of 54761992?
4
What is the billions digit of 2164206720?
2
What is the ten thousands digit of 2094561439?
6
What is the hundred thousands digit of 25592740?
5
What is the millions digit of 106554975?
6
What is the ten millions digit of 79459458?
7
What is the ten millions digit of 70771899?
7
What is the units digit of 3659822507?
7
What is the units digit of 952216984?
4
What is the millions digit of 17579931?
7
What is the billions digit of 3989859280?
3
What is the ten thousands digit of 24798597?
9
What is the ten thousands digit of 786811?
8
What is the tens d